{"id":205228,"date":"2025-10-28T20:59:26","date_gmt":"2025-10-29T00:59:26","guid":{"rendered":"https:\/\/fightcolorectalcancer.org\/pacientes-y-cuidadores\/comprender-tu-diagnostico\/"},"modified":"2025-10-28T20:59:26","modified_gmt":"2025-10-29T00:59:26","slug":"comprender-tu-diagnostico","status":"publish","type":"page","link":"https:\/\/fightcolorectalcancer.org\/es\/pacientes-y-cuidadores\/comprender-tu-diagnostico\/","title":{"rendered":"Comprender tu diagn\u00f3stico"},"content":{"rendered":"","protected":false},"excerpt":{"rendered":"<p>Desglosa los detalles de tu diagn\u00f3stico, incluyendo la estadificaci\u00f3n, las pruebas y las opciones de tratamiento, para ayudarte a navegar por lo que viene a continuaci\u00f3n.<\/p>\n","protected":false},"author":3,"featured_media":205229,"parent":205129,"menu_order":0,"comment_status":"closed","ping_status":"closed","template":"page-topic-hub.php","meta":{"_acf_changed":false,"footnotes":""},"class_list":["post-205228","page","type-page","status-publish","has-post-thumbnail","hentry"],"acf":[],"yoast_head":"<!-- This site is optimized with the Yoast SEO plugin v27.4 - https:\/\/yoast.com\/product\/yoast-seo-wordpress\/ -->\n<title>Comprender tu diagn\u00f3stico - FightCRC<\/title>\n<meta name=\"robots\" content=\"index, follow, max-snippet:-1, max-image-preview:large, max-video-preview:-1\" \/>\n<link rel=\"canonical\" href=\"https:\/\/fightcolorectalcancer.org\/es\/pacientes-y-cuidadores\/comprender-tu-diagnostico\/\" \/>\n<meta property=\"og:locale\" content=\"es_ES\" \/>\n<meta property=\"og:type\" content=\"article\" \/>\n<meta property=\"og:title\" content=\"Comprender tu diagn\u00f3stico - FightCRC\" \/>\n<meta property=\"og:description\" content=\"Desglosa los detalles de tu diagn\u00f3stico, incluyendo la estadificaci\u00f3n, las pruebas y las opciones de tratamiento, para ayudarte a navegar por lo que viene a continuaci\u00f3n.\" \/>\n<meta property=\"og:url\" content=\"https:\/\/fightcolorectalcancer.org\/es\/pacientes-y-cuidadores\/comprender-tu-diagnostico\/\" \/>\n<meta property=\"og:site_name\" content=\"FightCRC\" \/>\n<meta property=\"article:publisher\" content=\"https:\/\/www.facebook.com\/FightCRC\/\" \/>\n<meta property=\"og:image\" content=\"https:\/\/fightcolorectalcancer.org\/wp-content\/uploads\/2025\/11\/Image-2025-11-21T094235.926.jpeg\" \/>\n\t<meta property=\"og:image:width\" content=\"1024\" \/>\n\t<meta property=\"og:image:height\" content=\"1024\" \/>\n\t<meta property=\"og:image:type\" content=\"image\/jpeg\" \/>\n<meta name=\"twitter:card\" content=\"summary_large_image\" \/>\n<meta name=\"twitter:site\" content=\"@fightcrc\" \/>\n<script type=\"application\/ld+json\" class=\"yoast-schema-graph\">{\"@context\":\"https:\\\/\\\/schema.org\",\"@graph\":[{\"@type\":\"WebPage\",\"@id\":\"https:\\\/\\\/fightcolorectalcancer.org\\\/es\\\/pacientes-y-cuidadores\\\/comprender-tu-diagnostico\\\/\",\"url\":\"https:\\\/\\\/fightcolorectalcancer.org\\\/es\\\/pacientes-y-cuidadores\\\/comprender-tu-diagnostico\\\/\",\"name\":\"Comprender tu diagn\u00f3stico - FightCRC\",\"isPartOf\":{\"@id\":\"https:\\\/\\\/fightcolorectalcancer.org\\\/es\\\/#website\"},\"primaryImageOfPage\":{\"@id\":\"https:\\\/\\\/fightcolorectalcancer.org\\\/es\\\/pacientes-y-cuidadores\\\/comprender-tu-diagnostico\\\/#primaryimage\"},\"image\":{\"@id\":\"https:\\\/\\\/fightcolorectalcancer.org\\\/es\\\/pacientes-y-cuidadores\\\/comprender-tu-diagnostico\\\/#primaryimage\"},\"thumbnailUrl\":\"https:\\\/\\\/fightcolorectalcancer.org\\\/wp-content\\\/uploads\\\/2025\\\/11\\\/Image-2025-11-21T094235.926.jpeg\",\"datePublished\":\"2025-10-29T00:59:26+00:00\",\"breadcrumb\":{\"@id\":\"https:\\\/\\\/fightcolorectalcancer.org\\\/es\\\/pacientes-y-cuidadores\\\/comprender-tu-diagnostico\\\/#breadcrumb\"},\"inLanguage\":\"es\",\"potentialAction\":[{\"@type\":\"ReadAction\",\"target\":[\"https:\\\/\\\/fightcolorectalcancer.org\\\/es\\\/pacientes-y-cuidadores\\\/comprender-tu-diagnostico\\\/\"]}]},{\"@type\":\"ImageObject\",\"inLanguage\":\"es\",\"@id\":\"https:\\\/\\\/fightcolorectalcancer.org\\\/es\\\/pacientes-y-cuidadores\\\/comprender-tu-diagnostico\\\/#primaryimage\",\"url\":\"https:\\\/\\\/fightcolorectalcancer.org\\\/wp-content\\\/uploads\\\/2025\\\/11\\\/Image-2025-11-21T094235.926.jpeg\",\"contentUrl\":\"https:\\\/\\\/fightcolorectalcancer.org\\\/wp-content\\\/uploads\\\/2025\\\/11\\\/Image-2025-11-21T094235.926.jpeg\",\"width\":1024,\"height\":1024},{\"@type\":\"BreadcrumbList\",\"@id\":\"https:\\\/\\\/fightcolorectalcancer.org\\\/es\\\/pacientes-y-cuidadores\\\/comprender-tu-diagnostico\\\/#breadcrumb\",\"itemListElement\":[{\"@type\":\"ListItem\",\"position\":1,\"name\":\"P\u00e1gina de inicio\",\"item\":\"https:\\\/\\\/fightcolorectalcancer.org\\\/es\\\/\"},{\"@type\":\"ListItem\",\"position\":2,\"name\":\"Pacientes y cuidadores\",\"item\":\"https:\\\/\\\/fightcolorectalcancer.org\\\/es\\\/pacientes-y-cuidadores\\\/\"},{\"@type\":\"ListItem\",\"position\":3,\"name\":\"Comprender tu diagn\u00f3stico\"}]},{\"@type\":\"WebSite\",\"@id\":\"https:\\\/\\\/fightcolorectalcancer.org\\\/es\\\/#website\",\"url\":\"https:\\\/\\\/fightcolorectalcancer.org\\\/es\\\/\",\"name\":\"Fight Colorectal Cancer\",\"description\":\"\",\"publisher\":{\"@id\":\"https:\\\/\\\/fightcolorectalcancer.org\\\/es\\\/#organization\"},\"potentialAction\":[{\"@type\":\"SearchAction\",\"target\":{\"@type\":\"EntryPoint\",\"urlTemplate\":\"https:\\\/\\\/fightcolorectalcancer.org\\\/es\\\/?s={search_term_string}\"},\"query-input\":{\"@type\":\"PropertyValueSpecification\",\"valueRequired\":true,\"valueName\":\"search_term_string\"}}],\"inLanguage\":\"es\"},{\"@type\":\"Organization\",\"@id\":\"https:\\\/\\\/fightcolorectalcancer.org\\\/es\\\/#organization\",\"name\":\"Fight Colorectal Cancer\",\"url\":\"https:\\\/\\\/fightcolorectalcancer.org\\\/es\\\/\",\"logo\":{\"@type\":\"ImageObject\",\"inLanguage\":\"es\",\"@id\":\"https:\\\/\\\/fightcolorectalcancer.org\\\/es\\\/#\\\/schema\\\/logo\\\/image\\\/\",\"url\":\"https:\\\/\\\/fightcolorectalcancer.org\\\/wp-content\\\/uploads\\\/2025\\\/10\\\/e64f86851297bb53f096acdf76c859a294e23b96-1-1.png\",\"contentUrl\":\"https:\\\/\\\/fightcolorectalcancer.org\\\/wp-content\\\/uploads\\\/2025\\\/10\\\/e64f86851297bb53f096acdf76c859a294e23b96-1-1.png\",\"width\":1265,\"height\":450,\"caption\":\"Fight Colorectal Cancer\"},\"image\":{\"@id\":\"https:\\\/\\\/fightcolorectalcancer.org\\\/es\\\/#\\\/schema\\\/logo\\\/image\\\/\"},\"sameAs\":[\"https:\\\/\\\/www.facebook.com\\\/FightCRC\\\/\",\"https:\\\/\\\/x.com\\\/fightcrc\",\"https:\\\/\\\/www.instagram.com\\\/fightcrc\\\/\",\"https:\\\/\\\/www.youtube.com\\\/@FightCRC\",\"https:\\\/\\\/www.tiktok.com\\\/@fightcrc\",\"https:\\\/\\\/www.linkedin.com\\\/company\\\/fight-colorectal-cancer\\\/\",\"https:\\\/\\\/bsky.app\\\/profile\\\/fightcrc.bsky.social\"]}]}<\/script>\n<!-- \/ Yoast SEO plugin. -->","yoast_head_json":{"title":"Comprender tu diagn\u00f3stico - FightCRC","robots":{"index":"index","follow":"follow","max-snippet":"max-snippet:-1","max-image-preview":"max-image-preview:large","max-video-preview":"max-video-preview:-1"},"canonical":"https:\/\/fightcolorectalcancer.org\/es\/pacientes-y-cuidadores\/comprender-tu-diagnostico\/","og_locale":"es_ES","og_type":"article","og_title":"Comprender tu diagn\u00f3stico - FightCRC","og_description":"Desglosa los detalles de tu diagn\u00f3stico, incluyendo la estadificaci\u00f3n, las pruebas y las opciones de tratamiento, para ayudarte a navegar por lo que viene a continuaci\u00f3n.","og_url":"https:\/\/fightcolorectalcancer.org\/es\/pacientes-y-cuidadores\/comprender-tu-diagnostico\/","og_site_name":"FightCRC","article_publisher":"https:\/\/www.facebook.com\/FightCRC\/","og_image":[{"width":1024,"height":1024,"url":"https:\/\/fightcolorectalcancer.org\/wp-content\/uploads\/2025\/11\/Image-2025-11-21T094235.926.jpeg","type":"image\/jpeg"}],"twitter_card":"summary_large_image","twitter_site":"@fightcrc","schema":{"@context":"https:\/\/schema.org","@graph":[{"@type":"WebPage","@id":"https:\/\/fightcolorectalcancer.org\/es\/pacientes-y-cuidadores\/comprender-tu-diagnostico\/","url":"https:\/\/fightcolorectalcancer.org\/es\/pacientes-y-cuidadores\/comprender-tu-diagnostico\/","name":"Comprender tu diagn\u00f3stico - FightCRC","isPartOf":{"@id":"https:\/\/fightcolorectalcancer.org\/es\/#website"},"primaryImageOfPage":{"@id":"https:\/\/fightcolorectalcancer.org\/es\/pacientes-y-cuidadores\/comprender-tu-diagnostico\/#primaryimage"},"image":{"@id":"https:\/\/fightcolorectalcancer.org\/es\/pacientes-y-cuidadores\/comprender-tu-diagnostico\/#primaryimage"},"thumbnailUrl":"https:\/\/fightcolorectalcancer.org\/wp-content\/uploads\/2025\/11\/Image-2025-11-21T094235.926.jpeg","datePublished":"2025-10-29T00:59:26+00:00","breadcrumb":{"@id":"https:\/\/fightcolorectalcancer.org\/es\/pacientes-y-cuidadores\/comprender-tu-diagnostico\/#breadcrumb"},"inLanguage":"es","potentialAction":[{"@type":"ReadAction","target":["https:\/\/fightcolorectalcancer.org\/es\/pacientes-y-cuidadores\/comprender-tu-diagnostico\/"]}]},{"@type":"ImageObject","inLanguage":"es","@id":"https:\/\/fightcolorectalcancer.org\/es\/pacientes-y-cuidadores\/comprender-tu-diagnostico\/#primaryimage","url":"https:\/\/fightcolorectalcancer.org\/wp-content\/uploads\/2025\/11\/Image-2025-11-21T094235.926.jpeg","contentUrl":"https:\/\/fightcolorectalcancer.org\/wp-content\/uploads\/2025\/11\/Image-2025-11-21T094235.926.jpeg","width":1024,"height":1024},{"@type":"BreadcrumbList","@id":"https:\/\/fightcolorectalcancer.org\/es\/pacientes-y-cuidadores\/comprender-tu-diagnostico\/#breadcrumb","itemListElement":[{"@type":"ListItem","position":1,"name":"P\u00e1gina de inicio","item":"https:\/\/fightcolorectalcancer.org\/es\/"},{"@type":"ListItem","position":2,"name":"Pacientes y cuidadores","item":"https:\/\/fightcolorectalcancer.org\/es\/pacientes-y-cuidadores\/"},{"@type":"ListItem","position":3,"name":"Comprender tu diagn\u00f3stico"}]},{"@type":"WebSite","@id":"https:\/\/fightcolorectalcancer.org\/es\/#website","url":"https:\/\/fightcolorectalcancer.org\/es\/","name":"Fight Colorectal Cancer","description":"","publisher":{"@id":"https:\/\/fightcolorectalcancer.org\/es\/#organization"},"potentialAction":[{"@type":"SearchAction","target":{"@type":"EntryPoint","urlTemplate":"https:\/\/fightcolorectalcancer.org\/es\/?s={search_term_string}"},"query-input":{"@type":"PropertyValueSpecification","valueRequired":true,"valueName":"search_term_string"}}],"inLanguage":"es"},{"@type":"Organization","@id":"https:\/\/fightcolorectalcancer.org\/es\/#organization","name":"Fight Colorectal Cancer","url":"https:\/\/fightcolorectalcancer.org\/es\/","logo":{"@type":"ImageObject","inLanguage":"es","@id":"https:\/\/fightcolorectalcancer.org\/es\/#\/schema\/logo\/image\/","url":"https:\/\/fightcolorectalcancer.org\/wp-content\/uploads\/2025\/10\/e64f86851297bb53f096acdf76c859a294e23b96-1-1.png","contentUrl":"https:\/\/fightcolorectalcancer.org\/wp-content\/uploads\/2025\/10\/e64f86851297bb53f096acdf76c859a294e23b96-1-1.png","width":1265,"height":450,"caption":"Fight Colorectal Cancer"},"image":{"@id":"https:\/\/fightcolorectalcancer.org\/es\/#\/schema\/logo\/image\/"},"sameAs":["https:\/\/www.facebook.com\/FightCRC\/","https:\/\/x.com\/fightcrc","https:\/\/www.instagram.com\/fightcrc\/","https:\/\/www.youtube.com\/@FightCRC","https:\/\/www.tiktok.com\/@fightcrc","https:\/\/www.linkedin.com\/company\/fight-colorectal-cancer\/","https:\/\/bsky.app\/profile\/fightcrc.bsky.social"]}]}},"_links":{"self":[{"href":"https:\/\/fightcolorectalcancer.org\/es\/wp-json\/wp\/v2\/pages\/205228","targetHints":{"allow":["GET"]}}],"collection":[{"href":"https:\/\/fightcolorectalcancer.org\/es\/wp-json\/wp\/v2\/pages"}],"about":[{"href":"https:\/\/fightcolorectalcancer.org\/es\/wp-json\/wp\/v2\/types\/page"}],"author":[{"embeddable":true,"href":"https:\/\/fightcolorectalcancer.org\/es\/wp-json\/wp\/v2\/users\/3"}],"replies":[{"embeddable":true,"href":"https:\/\/fightcolorectalcancer.org\/es\/wp-json\/wp\/v2\/comments?post=205228"}],"version-history":[{"count":0,"href":"https:\/\/fightcolorectalcancer.org\/es\/wp-json\/wp\/v2\/pages\/205228\/revisions"}],"up":[{"embeddable":true,"href":"https:\/\/fightcolorectalcancer.org\/es\/wp-json\/wp\/v2\/pages\/205129"}],"wp:featuredmedia":[{"embeddable":true,"href":"https:\/\/fightcolorectalcancer.org\/es\/wp-json\/wp\/v2\/media\/205229"}],"wp:attachment":[{"href":"https:\/\/fightcolorectalcancer.org\/es\/wp-json\/wp\/v2\/media?parent=205228"}],"curies":[{"name":"wp","href":"https:\/\/api.w.org\/{rel}","templated":true}]}}

Comprender tu diagnóstico

<p>Desglosa los detalles de tu diagnóstico, incluyendo la estadificación, las pruebas y las opciones de tratamiento, para ayudarte a navegar por lo que viene a continuación.</p>

<!-- This site is optimized with the Yoast SEO plugin v27.4 - https://yoast.com/product/yoast-seo-wordpress/ -->
<title>Comprender tu diagnóstico - FightCRC</title>
<meta name="robots" content="index, follow, max-snippet:-1, max-image-preview:large, max-video-preview:-1" />
<link rel="canonical" href="https://fightcolorectalcancer.org/es/pacientes-y-cuidadores/comprender-tu-diagnostico/" />
<meta property="og:locale" content="es_ES" />
<meta property="og:type" content="article" />
<meta property="og:title" content="Comprender tu diagnóstico - FightCRC" />
<meta property="og:description" content="Desglosa los detalles de tu diagnóstico, incluyendo la estadificación, las pruebas y las opciones de tratamiento, para ayudarte a navegar por lo que viene a continuación." />
<meta property="og:url" content="https://fightcolorectalcancer.org/es/pacientes-y-cuidadores/comprender-tu-diagnostico/" />
<meta property="og:site_name" content="FightCRC" />
<meta property="article:publisher" content="https://www.facebook.com/FightCRC/" />
<meta property="og:image" content="https://fightcolorectalcancer.org/wp-content/uploads/2025/11/Image-2025-11-21T094235.926.jpeg" />
	<meta property="og:image:width" content="1024" />
	<meta property="og:image:height" content="1024" />
	<meta property="og:image:type" content="image/jpeg" />
<meta name="twitter:card" content="summary_large_image" />
<meta name="twitter:site" content="@fightcrc" />
<script type="application/ld+json" class="yoast-schema-graph">{"@context":"https:\/\/schema.org","@graph":[{"@type":"WebPage","@id":"https:\/\/fightcolorectalcancer.org\/es\/pacientes-y-cuidadores\/comprender-tu-diagnostico\/","url":"https:\/\/fightcolorectalcancer.org\/es\/pacientes-y-cuidadores\/comprender-tu-diagnostico\/","name":"Comprender tu diagnóstico - FightCRC","isPartOf":{"@id":"https:\/\/fightcolorectalcancer.org\/es\/#website"},"primaryImageOfPage":{"@id":"https:\/\/fightcolorectalcancer.org\/es\/pacientes-y-cuidadores\/comprender-tu-diagnostico\/#primaryimage"},"image":{"@id":"https:\/\/fightcolorectalcancer.org\/es\/pacientes-y-cuidadores\/comprender-tu-diagnostico\/#primaryimage"},"thumbnailUrl":"https:\/\/fightcolorectalcancer.org\/wp-content\/uploads\/2025\/11\/Image-2025-11-21T094235.926.jpeg","datePublished":"2025-10-29T00:59:26+00:00","breadcrumb":{"@id":"https:\/\/fightcolorectalcancer.org\/es\/pacientes-y-cuidadores\/comprender-tu-diagnostico\/#breadcrumb"},"inLanguage":"es","potentialAction":[{"@type":"ReadAction","target":["https:\/\/fightcolorectalcancer.org\/es\/pacientes-y-cuidadores\/comprender-tu-diagnostico\/"]}]},{"@type":"ImageObject","inLanguage":"es","@id":"https:\/\/fightcolorectalcancer.org\/es\/pacientes-y-cuidadores\/comprender-tu-diagnostico\/#primaryimage","url":"https:\/\/fightcolorectalcancer.org\/wp-content\/uploads\/2025\/11\/Image-2025-11-21T094235.926.jpeg","contentUrl":"https:\/\/fightcolorectalcancer.org\/wp-content\/uploads\/2025\/11\/Image-2025-11-21T094235.926.jpeg","width":1024,"height":1024},{"@type":"BreadcrumbList","@id":"https:\/\/fightcolorectalcancer.org\/es\/pacientes-y-cuidadores\/comprender-tu-diagnostico\/#breadcrumb","itemListElement":[{"@type":"ListItem","position":1,"name":"Página de inicio","item":"https:\/\/fightcolorectalcancer.org\/es\/"},{"@type":"ListItem","position":2,"name":"Pacientes y cuidadores","item":"https:\/\/fightcolorectalcancer.org\/es\/pacientes-y-cuidadores\/"},{"@type":"ListItem","position":3,"name":"Comprender tu diagnóstico"}]},{"@type":"WebSite","@id":"https:\/\/fightcolorectalcancer.org\/es\/#website","url":"https:\/\/fightcolorectalcancer.org\/es\/","name":"Fight Colorectal Cancer","description":"","publisher":{"@id":"https:\/\/fightcolorectalcancer.org\/es\/#organization"},"potentialAction":[{"@type":"SearchAction","target":{"@type":"EntryPoint","urlTemplate":"https:\/\/fightcolorectalcancer.org\/es\/?s={search_term_string}"},"query-input":{"@type":"PropertyValueSpecification","valueRequired":true,"valueName":"search_term_string"}}],"inLanguage":"es"},{"@type":"Organization","@id":"https:\/\/fightcolorectalcancer.org\/es\/#organization","name":"Fight Colorectal Cancer","url":"https:\/\/fightcolorectalcancer.org\/es\/","logo":{"@type":"ImageObject","inLanguage":"es","@id":"https:\/\/fightcolorectalcancer.org\/es\/#\/schema\/logo\/image\/","url":"https:\/\/fightcolorectalcancer.org\/wp-content\/uploads\/2025\/10\/e64f86851297bb53f096acdf76c859a294e23b96-1-1.png","contentUrl":"https:\/\/fightcolorectalcancer.org\/wp-content\/uploads\/2025\/10\/e64f86851297bb53f096acdf76c859a294e23b96-1-1.png","width":1265,"height":450,"caption":"Fight Colorectal Cancer"},"image":{"@id":"https:\/\/fightcolorectalcancer.org\/es\/#\/schema\/logo\/image\/"},"sameAs":["https:\/\/www.facebook.com\/FightCRC\/","https:\/\/x.com\/fightcrc","https:\/\/www.instagram.com\/fightcrc\/","https:\/\/www.youtube.com\/@FightCRC","https:\/\/www.tiktok.com\/@fightcrc","https:\/\/www.linkedin.com\/company\/fight-colorectal-cancer\/","https:\/\/bsky.app\/profile\/fightcrc.bsky.social"]}]}</script>
<!-- / Yoast SEO plugin. -->

Comprender tu diagnóstico - FightCRC

Desglosa los detalles de tu diagnóstico, incluyendo la estadificación, las pruebas y las opciones de tratamiento, para ayudarte a navegar por lo que viene a continuación.

Página de inicio
